{"id":282,"date":"2017-07-03T23:58:26","date_gmt":"2017-07-03T23:58:26","guid":{"rendered":"https:\/\/ipsworks.org\/?page_id=282"},"modified":"2025-11-14T15:56:09","modified_gmt":"2025-11-14T15:56:09","slug":"ips-empleo-con-apoyo-para-profesionales-de-insercion-laboral","status":"publish","type":"page","link":"https:\/\/ipsworks.org\/index.php\/training-courses\/ips-empleo-con-apoyo-para-profesionales-de-insercion-laboral\/","title":{"rendered":"IPS Empleo con Apoyo, para profesionales de inserci\u00f3n laboral"},"content":{"rendered":"<p><div class=\"fusion-fullwidth fullwidth-box fusion-builder-row-1 nonhundred-percent-fullwidth non-hundred-percent-height-scrolling\" style=\"--awb-border-radius-top-left:0px;--awb-border-radius-top-right:0px;--awb-border-radius-bottom-right:0px;--awb-border-radius-bottom-left:0px;--awb-padding-bottom:30px;--awb-flex-wrap:wrap;\" ><div class=\"fusion-builder-row fusion-row\"><div class=\"fusion-layout-column fusion_builder_column fusion-builder-column-0 fusion_builder_column_1_1 1_1 fusion-one-full fusion-column-first fusion-column-last\" style=\"--awb-bg-size:cover;\"><div class=\"fusion-column-wrapper fusion-flex-column-wrapper-legacy\"><div class=\"fusion-title title fusion-title-1 sep-underline sep-solid fusion-title-text fusion-title-size-one\" style=\"--awb-sep-color:#751c59;\"><h1 class=\"fusion-title-heading title-heading-left fusion-responsive-typography-calculated\" style=\"margin:0;--fontSize:33;line-height:1.5;\"><span style=\"color: #333333;\">IPS Empleo con Apoyo, para profesionales de inserci\u00f3n laboral<\/span><\/h1><\/div><div class=\"fusion-clearfix\"><\/div><\/div><\/div><\/div><\/div><div class=\"fusion-fullwidth fullwidth-box fusion-builder-row-2 fusion-flex-container nonhundred-percent-fullwidth non-hundred-percent-height-scrolling\" style=\"--awb-border-radius-top-left:0px;--awb-border-radius-top-right:0px;--awb-border-radius-bottom-right:0px;--awb-border-radius-bottom-left:0px;--awb-flex-wrap:wrap;\" ><div class=\"fusion-builder-row fusion-row fusion-flex-align-items-flex-start fusion-flex-content-wrap\" style=\"max-width:1144px;margin-left: calc(-4% \/ 2 );margin-right: calc(-4% \/ 2 );\"><div class=\"fusion-layout-column fusion_builder_column fusion-builder-column-1 fusion_builder_column_1_4 1_4 fusion-flex-column\" style=\"--awb-bg-size:cover;--awb-width-large:25%;--awb-margin-top-large:0px;--awb-spacing-right-large:7.68%;--awb-margin-bottom-large:20px;--awb-spacing-left-large:7.68%;--awb-width-medium:100%;--awb-order-medium:0;--awb-spacing-right-medium:1.92%;--awb-spacing-left-medium:1.92%;--awb-width-small:100%;--awb-order-small:0;--awb-spacing-right-small:1.92%;--awb-spacing-left-small:1.92%;\"><div class=\"fusion-column-wrapper fusion-column-has-shadow fusion-flex-justify-content-flex-start fusion-content-layout-column\"><div class=\"fusion-image-element \" style=\"--awb-caption-title-font-family:var(--h2_typography-font-family);--awb-caption-title-font-weight:var(--h2_typography-font-weight);--awb-caption-title-font-style:var(--h2_typography-font-style);--awb-caption-title-size:var(--h2_typography-font-size);--awb-caption-title-transform:var(--h2_typography-text-transform);--awb-caption-title-line-height:var(--h2_typography-line-height);--awb-caption-title-letter-spacing:var(--h2_typography-letter-spacing);\"><span class=\" fusion-imageframe imageframe-none imageframe-1 hover-type-none\"><img decoding=\"async\" width=\"300\" height=\"199\" title=\"Marian &#038; Renata Photo\" src=\"https:\/\/ipsworks.org\/wp-content\/uploads\/2017\/06\/Marian-Renata-Photo-300x199.jpg\" alt class=\"img-responsive wp-image-12598\" srcset=\"https:\/\/ipsworks.org\/wp-content\/uploads\/2017\/06\/Marian-Renata-Photo-200x132.jpg 200w, https:\/\/ipsworks.org\/wp-content\/uploads\/2017\/06\/Marian-Renata-Photo-400x265.jpg 400w, https:\/\/ipsworks.org\/wp-content\/uploads\/2017\/06\/Marian-Renata-Photo-600x397.jpg 600w, https:\/\/ipsworks.org\/wp-content\/uploads\/2017\/06\/Marian-Renata-Photo-800x530.jpg 800w, https:\/\/ipsworks.org\/wp-content\/uploads\/2017\/06\/Marian-Renata-Photo-1200x795.jpg 1200w\" sizes=\"(max-width: 1024px) 100vw, (max-width: 640px) 100vw, 400px\" \/><\/span><\/div><\/div><\/div><div class=\"fusion-layout-column fusion_builder_column fusion-builder-column-2 fusion_builder_column_1_2 1_2 fusion-flex-column\" style=\"--awb-bg-size:cover;--awb-width-large:50%;--awb-margin-top-large:0px;--awb-spacing-right-large:3.84%;--awb-margin-bottom-large:20px;--awb-spacing-left-large:3.84%;--awb-width-medium:100%;--awb-order-medium:0;--awb-spacing-right-medium:1.92%;--awb-spacing-left-medium:1.92%;--awb-width-small:100%;--awb-order-small:0;--awb-spacing-right-small:1.92%;--awb-spacing-left-small:1.92%;\"><div class=\"fusion-column-wrapper fusion-column-has-shadow fusion-flex-justify-content-flex-start fusion-content-layout-column\"><div class=\"fusion-counters-box counters-box row fusion-clearfix fusion-columns-2\" style=\"--awb-body-size:30;--awb-border-color:#fffcfc;--awb-color:#550527;--awb-title-size:38;--awb-border-color:#fffcfc;\"><div class=\"fusion-counter-box fusion-column col-counter-box counter-box-wrapper col-lg-6 col-md-6 col-sm-6\" data-animationOffset=\"top-into-view\"><div class=\"counter-box-container\"><div class=\"content-box-percentage content-box-counter\"><span class=\"display-counter\" data-value=\"12\" data-direction=\"up\" data-decimals=\"0\">0<\/span><span class=\"unit\"> semanas<\/span><\/div><div class=\"counter-box-content\">la duraci\u00f3n<\/div><\/div><\/div><div class=\"fusion-counter-box fusion-column col-counter-box counter-box-wrapper col-lg-6 col-md-6 col-sm-6\" data-animationOffset=\"top-into-view\"><div class=\"counter-box-container\"><div class=\"content-box-percentage content-box-counter\"><span class=\"unit\">$<\/span><span class=\"display-counter\" data-value=\"365\" data-direction=\"up\" data-decimals=\"0\">0<\/span><\/div><div class=\"counter-box-content\">el precio<\/div><\/div><\/div><\/div><\/div><\/div><div class=\"fusion-layout-column fusion_builder_column fusion-builder-column-3 fusion_builder_column_1_4 1_4 fusion-flex-column\" style=\"--awb-bg-size:cover;--awb-width-large:25%;--awb-margin-top-large:0px;--awb-spacing-right-large:7.68%;--awb-margin-bottom-large:20px;--awb-spacing-left-large:7.68%;--awb-width-medium:100%;--awb-order-medium:0;--awb-spacing-right-medium:1.92%;--awb-spacing-left-medium:1.92%;--awb-width-small:100%;--awb-order-small:0;--awb-spacing-right-small:1.92%;--awb-spacing-left-small:1.92%;\"><div class=\"fusion-column-wrapper fusion-column-has-shadow fusion-flex-justify-content-flex-start fusion-content-layout-column\"><div style=\"text-align:left;\"><a class=\"fusion-button button-flat button-xlarge button-default fusion-button-default button-1 fusion-button-default-span fusion-button-default-type\" target=\"_self\" href=\"https:\/\/cvent.me\/POND9E\"><span class=\"fusion-button-text\">Registrar<\/span><\/a><\/div><\/div><\/div><\/div><\/div><div class=\"fusion-fullwidth fullwidth-box fusion-builder-row-3 nonhundred-percent-fullwidth non-hundred-percent-height-scrolling\" style=\"--awb-border-radius-top-left:0px;--awb-border-radius-top-right:0px;--awb-border-radius-bottom-right:0px;--awb-border-radius-bottom-left:0px;--awb-padding-top:60px;--awb-padding-bottom:40px;--awb-flex-wrap:wrap;\" ><div class=\"fusion-builder-row fusion-row\"><div class=\"fusion-layout-column fusion_builder_column fusion-builder-column-4 fusion_builder_column_1_2 1_2 fusion-one-half fusion-column-first\" style=\"--awb-bg-size:cover;width:50%;width:calc(50% - ( ( 4% ) * 0.5 ) );margin-right: 4%;\"><div class=\"fusion-column-wrapper fusion-flex-column-wrapper-legacy\"><div class=\"fusion-text fusion-text-1\"><h3><strong>Descripci\u00f3n del curso:<\/strong><\/h3>\n<p>Aprenda los fundamentos del modelo IPS y c\u00f3mo proporcionar servicios de primera clase a las personas de su centro. A lo largo de este curso exploraremos estrategias, conceptos y habilidades espec\u00edficas que los especialistas en empleo (profesionales de inserci\u00f3n laboral) pueden utilizar para brindar el mejor apoyo y ayudar a quienes buscan empleo a alcanzar objetivos laborales individualizados. Como este curso en l\u00ednea es interactivo, usted recibir\u00e1 <em>feedback<\/em> personalizado para mejorar a\u00fan m\u00e1s sus habilidades. Puede hacer preguntas directas sobre t\u00e9cnicas para escenarios de clientes espec\u00edficos, experiencias de trabajo en red con empresas, y otros conceptos reci\u00e9n aprendidos.<\/p>\n<h3><strong>Los m\u00f3dulos de aprendizaje:<\/strong><\/h3>\n<ul>\n<li>Presentaci\u00f3n general del Programa Apoyo individualizado al empleo (IPS)<\/li>\n<li>Utilizaci\u00f3n del enfoque de equipo (incluyendo las familias y los profesionales de salud mental)<\/li>\n<li>Centrarse \u00a0en las fortalezas y preferencias de las personas<\/li>\n<li>Habilidades necesarias para entrevistar a las personas<\/li>\n<li>Desarrollar relaciones con las empresasConstruir relaciones con las empresas en la pr\u00e1ctica (trabajo de campo)<\/li>\n<li>Planificaci\u00f3n del apoyo en el trabajo<\/li>\n<li>C\u00f3mo ayudas a las personas que presentan trastornos concurrentes (patolog\u00eda dual)<\/li>\n<\/ul>\n<p><strong>Participantes del Curso:<\/strong><\/p>\n<p>Este curso <em>online<\/em> est\u00e1 dirigido a\u00a0especialistas en empleo (profesionales de inserci\u00f1on laboral) y a sus supervisores. Los consejeros de Rehabilitaci\u00f3n Vocacional tambi\u00e9n realizan el curso a trav\u00e9s de su colaboraci\u00f3n con el programa IPS local.\u00a0 Aquellos que est\u00e9n trabajando activamente con clientes, que sean nuevos en la implementaci\u00f3n de servicios IPS, o simplemente que busquen actualizarse en m\u00e9todos efectivos para brindar servicios dentro del modelo IPS, se beneficiar\u00e1n de este curso.<\/p>\n<h3><strong>Formato del Curso: <\/strong><\/h3>\n<p>Cada m\u00f3dulo de ense\u00f1anza consiste en 30-40 minutos en el computador (ordenador) mirando videos, leyendo y respondiendo preguntas.<\/p>\n<p>Despu\u00e9s del trabajo en el computador (ordenador), se le pide a los participantes que dediquen un tiempo a practicar las nuevas habilidades durante su trabajo semanal; por ejemplo, para aprender nuevas t\u00e9cnicas para construir relaciones con empresas, \u00a0y que las practiquen reuni\u00e9ndose con empleadores.<\/p>\n<p>A diferencia de muchos otros cursos en l\u00ednea,esta capacitaci\u00f3n incluye contacto con los facilitadores (tutores) del curso a trav\u00e9s de correo electr\u00f3nico.<\/p>\n<h3><strong>El calendario del curso:<\/strong><\/h3>\n<p>Los participantes pueden trabajar en el curso a cualquier hora del d\u00eda y de la noche, aunque las unidades del curso se cerrar\u00e1n a medida que el curso avance.<\/p>\n<h3><strong>Contacto:<\/strong><\/h3>\n<p>Sarah.Swanson@nyspi.columbia.edu<\/p>\n<\/div><div class=\"fusion-clearfix\"><\/div><\/div><\/div><div class=\"fusion-layout-column fusion_builder_column fusion-builder-column-5 fusion_builder_column_1_2 1_2 fusion-one-half fusion-column-last\" style=\"--awb-bg-size:cover;width:50%;width:calc(50% - ( ( 4% ) * 0.5 ) );\"><div class=\"fusion-column-wrapper fusion-column-has-shadow fusion-flex-column-wrapper-legacy\">\n<div class=\"table-1\">\n<table style=\"height: 95px;\" width=\"531\">\n<thead>\n<tr>\n<th align=\"left\">Inicio<\/th>\n<th align=\"left\">Inscripciones<\/th>\n<\/tr>\n<\/thead>\n<tbody>\n<tr>\n<td align=\"left\">Jan. 12, 2026<\/td>\n<td align=\"left\">\n<div class=\"table-1\">\n<div class=\"table-1\">\n<div class=\"table-1\">November 17, 2025 \u2013 Jan. 2, 2026<\/div>\n<\/div>\n<\/div>\n<\/td>\n<\/tr>\n<tr>\n<td align=\"left\">Sept. 14, 2026<\/td>\n<td align=\"left\">August 10, 2026 \u2013 Sept. 4, 2026<\/td>\n<\/tr>\n<\/tbody>\n<\/table>\n<\/div>\n<div class=\"fusion-clearfix\"><\/div><\/div><\/div><\/div><\/div><\/p>\n","protected":false},"excerpt":{"rendered":"","protected":false},"author":4,"featured_media":0,"parent":75,"menu_order":0,"comment_status":"closed","ping_status":"closed","template":"","meta":{"_acf_changed":false,"iawp_total_views":59,"footnotes":""},"class_list":["post-282","page","type-page","status-publish","hentry"],"acf":[],"post_mailing_queue_ids":[],"_links":{"self":[{"href":"https:\/\/ipsworks.org\/index.php\/wp-json\/wp\/v2\/pages\/282","targetHints":{"allow":["GET"]}}],"collection":[{"href":"https:\/\/ipsworks.org\/index.php\/wp-json\/wp\/v2\/pages"}],"about":[{"href":"https:\/\/ipsworks.org\/index.php\/wp-json\/wp\/v2\/types\/page"}],"author":[{"embeddable":true,"href":"https:\/\/ipsworks.org\/index.php\/wp-json\/wp\/v2\/users\/4"}],"replies":[{"embeddable":true,"href":"https:\/\/ipsworks.org\/index.php\/wp-json\/wp\/v2\/comments?post=282"}],"version-history":[{"count":76,"href":"https:\/\/ipsworks.org\/index.php\/wp-json\/wp\/v2\/pages\/282\/revisions"}],"predecessor-version":[{"id":21028,"href":"https:\/\/ipsworks.org\/index.php\/wp-json\/wp\/v2\/pages\/282\/revisions\/21028"}],"up":[{"embeddable":true,"href":"https:\/\/ipsworks.org\/index.php\/wp-json\/wp\/v2\/pages\/75"}],"wp:attachment":[{"href":"https:\/\/ipsworks.org\/index.php\/wp-json\/wp\/v2\/media?parent=282"}],"curies":[{"name":"wp","href":"https:\/\/api.w.org\/{rel}","templated":true}]}}